 g + i*g. List the prime factors of g.
37
Suppose 9*i + 8 = 11*i. Suppose 4*c = -5*m + 43 + 43, i*c - m - 98 = 0. List the prime factors of c.
2, 3
Let p = -26 + 0. Let v = -17 - p. Suppose -a - 2 + v = 0. List the prime factors of a.
7
Let y(l) = -61*l - 44. What are the prime factors of y(-8)?
2, 3, 37
Let r be 5/4*2*72/30. List the prime factors of 398/3 - r/(-18).
7, 19
Let u(t) = 161*t**3 - 2*t**2 + 3*t - 1. Let z be u(1). Suppose -3*d + 2*n - n = -z, 4*d + 4*n - 236 = 0. What are the prime factors of d?
5, 11
Let f be 258/(-2)*(-4)/12. Suppose -s + f = s + 5*z, 5*z - 115 = -5*s. List the prime factors of s.
2, 3
Let o(x) = x**2 - x + 15. Let q be o(0). Suppose 2*n + q = 5. What are the prime factors of 25/10*(-54)/n?
3
Suppose 3*g - 13918 = -4*f, 79*f - 82*f - 18524 = -4*g. What are the prime factors of g?
2, 7, 331
List the prime factors of (2/6)/(1*5/180).
2, 3
Let h(k) = -2*k**2 - 15*k - 9. Let q(f) = -f**2 - 7*f - 4. Let t(a) = 3*h(a) - 7*q(a). List the prime factors of t(-8).
3, 11
Suppose 0 = -2*p + 3*v + 12, -4*p - 2*v = -5*v - 12. Suppose 2*d - 4*d + 120 = p. What are the prime factors of d?
2, 3, 5
Let m be (-1409)/(-8) + (-9)/72. Let o = m - 116. List the prime factors of o.
2, 3, 5
Let i(a) = a**3 - 6*a**2 - 4*a - 6. Let k be 1/(-5) - 72/(-10). List the prime factors of i(k).
3, 5
Let j(f) = 8*f**2 - f. Suppose o = -2*l + 10, 28 = 2*l + 5*o + 2. List the prime factors of j(l).
3, 23
Let g(c) = -c**2 + 5*c - 1. Let m(x) = -x**2 + 5*x. Let a(d) = -2*g(d) + 3*m(d). Let q be a(6). Let v = 17 + q. List the prime factors of v.
13
Let v(s) = s + 8. Let n be v(-8). Let t(p) = -p**3 + p**2 - 2*p - 19. Let a be t(n). Let m = a - -58. What are the prime factors of m?
3, 13
Suppose -4*i + 13 = 1. Suppose i = v - 49. What are the prime factors of v?
2, 13
Let n(b) = -b**3 + 20*b**2 - 19*b + 6. Let y be n(19). Suppose 2*p + 2*c = 52, -y*p + 4*p - c = -48. List the prime factors of p.
2, 11
Let w = 1833 + -1087. What are the prime factors of w?
2, 373
Let v = -168 + 446. What are the prime factors of v?
2, 139
Let c = -1099 + 2219. Suppose 0 = -15*q + 7*q + c. List the prime factors of q.
2, 5, 7
Let k = 517 - -45. List the prime factors of k.
2, 281
Suppose 3*u - 1 = 2. Let w be u/3 + 136/6. Let s = 39 - w. List the prime factors of s.
2
Let m(w) = 52*w**2 - 32*w - 166. What are the prime factors of m(-8)?
2, 1709
Suppose 1 = -4*w - 3. Let d(y) = -61*y**3 + 2*y + 2. List the prime factors of d(w).
61
Let u(q) = -q**3 + 7*q**2 + q + 13. Let x be u(7). Suppose 3*r - x = -r. List the prime factors of r*(3 + (-235)/(-25)).
2, 31
Suppose 6*a - 50 = a. Let g(k) = -k**2 + 17*k - 16. List the prime factors of g(a).
2, 3
Let y(r) = -7*r + 2. Let o(z) = -13*z + 3. Let h(f) = -3*o(f) + 5*y(f). Let q be h(-3). Let i = -1 - q. List the prime factors of i.
2, 5
Suppose -10*s + 19499 = 2739. What are the prime factors of s?
2, 419
Let c be (-7)/((-70)/4)*5. Let n be (0/(-2))/((-2)/c). Suppose l - u - 1 = 4, 5*l - u - 29 = n. List the prime factors of l.
2, 3
Let q(h) = -4*h**3 - h**2 - h + 1. Let o be q(1). What are the prime factors of 6 + -4 - (2 + o)?
5
Let q(i) = -i**2 + 1. Let p be q(0). Let x(a) = 0 + 2 - 7*a**2 - p + 1 - 5*a - a**3. List the prime factors of x(-7).
37
Let b = -6243 - -10587. What are the prime factors of b?
2, 3, 181
Let p be (-696)/(-14) - 20/(-70). Let v be 3/(-2)*p/(-15). Suppose -4*x + 85 + 3 = 5*l, 4*l - 54 = v*x. What are the prime factors of l?
2
Let b = -1 - -13. Let p(q) = b*q**2 + 0 - 1 + 1 - q. What are the prime factors of p(1)?
11
List the prime factors of (7 - (-186)/(-30))/(2/2730).
2, 3, 7, 13
Suppose 3 = -5*s + 18. List the prime factors of -4 - (s - 3 - 173).
13
Suppose i = 4*h - 4, -2 = -4*i + 5*h + 4. Suppose -k - x = -5, -x - i*x + 5 = k. Suppose 4 - 1 = b, 4*b - 137 = -k*p. List the prime factors of p.
5
Suppose -2*g - 25 = -3*k, 5*k - 60 = k - 4*g. Let c = k + 11. What are the prime factors of c?
2, 11
Let i(j) = -j + 14. Let d be i(20). Suppose 4*s - 459 = -k, 5*s = -2*k + 3*k + 567. List the prime factors of s/8 + d/24.
2, 7
Let i(h) = -h**3 + 10*h**2 + 4*h + 13. Let d = 34 + -24. What are the prime factors of i(d)?
53
Suppose -4*m = 3*b + 92, 0*b + 4*m = -5*b - 140. What are the prime factors of b/16*(-162)/1?
3
Let z be (7 - -3)*((-384)/10)/(-2). Suppose 0 = 2*m + 2*l - z, 3*m + l = -m + 387. What are the prime factors of m?
97
Suppose 4*h - 15 = 3*x + 5, 2*x + 10 = h. Suppose -t - h*t = 3*a - 18, 20 = 2*a - 2*t. Suppose 3*c + 225 = a*c. What are the prime factors of c?
3, 5
Suppose -4*v + 2*b = -0*v + 10, 0 = 2*v + 3*b + 17. Let n be v*((-15)/(-6) + -2). What are the prime factors of (n - 48)*3/(-6)?
5
Let w be (3/(-6))/(3/(-84)). Suppose 3*s = -a + w, s - 3*a + 7 = 25. Suppose 0 = -4*r + 4*z + 136, 4*r + z = s*z + 139. List the prime factors of r.
31
Suppose 0*x + 2*x + 10 = 0. Let i(h) = -3*h - 8. List the prime factors of i(x).
7
What are the prime factors of 4/(-3) - (-62316)/81?
2, 3
Let r(d) = d**2 - 11*d + 15. Let o be r(2). Let n(k) = k**2 + k + 26. Let j be n(0). Let w = o + j. List the prime factors of w.
23
Suppose y = 4*y - 36. What are the prime factors of -2 + 110 - (y + -8)?
2, 13
Let p(l) = -l - 2. Let s be (14/(-8))/(16/64). Let q be p(s). Suppose -311 = -q*g - 16. List the prime factors of g.
59
Let d = 27 - 21. Suppose 10*y - d*y = 280. What are the prime factors of y?
2, 5, 7
Let h = -1014 + 1834. What are the prime factors of h?
2, 5, 41
Suppose -3*v + 303 + 294 = 0. Let s = v + 60. What are the prime factors of s?
7, 37
Let d(a) = a**3 - 5*a**2 + 11*a + 1. Let f be d(6). Suppose -5*k - 4*l + 88 = 0, k + l + f = 6*k. List the prime factors of ((-14)/5)/((-4)/k).
2, 7
What are the prime factors of (16 + (-1080)/75)*(-5310)/(-4)?
2, 3, 59
What are the prime factors of -9*(-4 + (-1712)/24)?
2, 3, 113
Let r be 0/(-1) + 6/2. Suppose -r*i - 19 = -4*x + 99, 36 = x - 4*i. Suppose 0 = -23*j + x*j - 180. List the prime factors of j.
2, 3
Suppose -b = 2*w - 3571, w + 1813 = 2*w - 5*b. What are the prime factors of w?
2, 3, 149
Let c = -24 + 20. Suppose 0 = -2*g - 2 + 6. What are the prime factors of (-4)/c - (g - 24)?
23
Let v(r) = r**3 - 3*r**2 + 2*r + 2. Let d be v(2). Suppose -2*j - 29 = q - 4*q, j = -d*q + 31. Let h = 30 - q. List the prime factors of h.
17
Suppose 14 - 166 = -2*i - w, 3*i - 228 = -3*w. List the prime factors of i.
2, 19
Suppose 0*x = -3*x - 72. What are the prime factors of (-35)/(-20)*-2*x?
2, 3, 7
Let z be (((-15)/(-2))/(-5) - -3)*2. Suppose -c - z*y = -31, 23 = 2*c + 2*y - 43. What are the prime factors of c?
2, 17
What are the prime factors of (5 - 4)*(456 - 5)?
11, 41
What are the prime factors of (10/8 + -1)/(1/3748)?
937
Let m(t) = -2*t + 33. Let w be m(15). Suppose w*j - 489 = 2*h, -5*j - 10*h + 815 = -5*h. List the prime factors of j.
163
Suppose 20*a - 41184 = 8*a. What are the prime factors of a?
2, 3, 11, 13
Let s(j) = 2*j**2 + 23*j - 14. Suppose 5*v - 20 = -90. List the prime factors of s(v).
2, 7
Suppose 0 = -2*j + 466 + 144. List the prime factors of j.
5, 61
Let i(t) = t**3 + 15*t**2 + 11*t + 36. List the prime factors of i(8).
2, 3, 7, 19
Let z(c) = -46*c + 48 + 3*c - 45. Let n be z(-6). What are the prime factors of (4/(-6))/((-6)/n)?
29
Let u(a) = -a**2 - a + 2. Let v be u(-3). Let j be (1 + (-28)/16)*v. Suppose -j*r = -5*t + 111, 4 = -3*r - 2. List the prime factors of t.
3, 7
Suppose 144 - 748 = -2*w. What are the prime factors of w?
2, 151
Suppose 2*g - 1255 = -271. Suppose 0 = -4*s - 2*i + g, 2*i - 246 = -s - s. Suppose 0 = 5*q + 38 - s. List the prime factors of q.
17
Let t = -385 - -1260. What are the prime factors of t?
5, 7
Suppose 0 = -8*d + 4549 + 5491. What are the prime factors of d?
5, 251
Suppose 21*l - 4735 - 5576 = 0. What are the prime factors of l?
491
Let p = 13 + 45. Suppose c = -3*z + 2*c + 110, z + 5*c = p. List the prime factors of z.
2, 19
Let r(i) = 1289*i**2 - 9*i - 17. What are the prime factors of r(-2)?
3, 191
Suppose -10*p + 385 = -115. List the prime factors of p.
2, 5
Let y be (-2)/4*74*-1. Suppose 5*n = -4*c - 52, -n - 29 = 5*c + 57. Let h = c + y. List the prime factors of h.
19
Let s(b) = -6*b - 22. List the prime factors of s(-28).
2, 73
Suppose 3*v = -69 - 12. What are the prime factors of (40/12)/((-2)/v)?
3, 5
